{"id":107,"date":"2025-08-27T20:17:49","date_gmt":"2025-08-27T20:17:49","guid":{"rendered":"https:\/\/jcferroedecoracao.com.br\/?product=prateleira-3-vidros"},"modified":"2025-08-28T18:24:59","modified_gmt":"2025-08-28T18:24:59","slug":"prateleira-3-vidros","status":"publish","type":"product","link":"https:\/\/jcferroedecoracao.com.br\/?product=prateleira-3-vidros","title":{"rendered":"Prateleira 3 vidros"},"content":{"rendered":"<p>Organiza\u00e7\u00e3o e design moderno se encontram nesta prateleira com estrutura em ferro e <strong data-start=\"5549\" data-end=\"5583\">tr\u00eas n\u00edveis em vidro temperado<\/strong>. Com pintura eletrost\u00e1tica de alta durabilidade, \u00e9 perfeita para expor livros, objetos decorativos, utens\u00edlios ou produtos comerciais, mantendo o ambiente sempre elegante e bem organizado.<\/p>\n","protected":false},"excerpt":{"rendered":"<p>Organiza\u00e7\u00e3o e design moderno se encontram nesta prateleira com estrutura em ferro e tr\u00eas n\u00edveis em vidro temperado. Com pintura eletrost\u00e1tica de alta durabilidade, \u00e9 perfeita para expor livros, objetos decorativos, utens\u00edlios ou produtos comerciais, mantendo o ambiente sempre elegante e bem organizado.<\/p>\n","protected":false},"featured_media":0,"comment_status":"open","ping_status":"closed","template":"","meta":{"_joinchat":[]},"product_brand":[],"product_cat":[15],"product_tag":[25],"class_list":{"0":"post-107","1":"product","2":"type-product","3":"status-publish","5":"product_cat-sem-categoria","6":"product_tag-teste","8":"first","9":"instock","10":"featured","11":"shipping-taxable","12":"purchasable","13":"product-type-simple"},"yoast_head":"<!-- This site is optimized with the Yoast SEO plugin v25.8 - https:\/\/yoast.com\/wordpress\/plugins\/seo\/ -->\n<title>Prateleira 3 vidros - JC FERRO<\/title>\n<meta name=\"robots\" content=\"index, follow, max-snippet:-1, max-image-preview:large, max-video-preview:-1\" \/>\n<link rel=\"canonical\" href=\"https:\/\/jcferroedecoracao.com.br\/?product=prateleira-3-vidros\" \/>\n<meta property=\"og:locale\" content=\"pt_BR\" \/>\n<meta property=\"og:type\" content=\"article\" \/>\n<meta property=\"og:title\" content=\"Prateleira 3 vidros - JC FERRO\" \/>\n<meta property=\"og:description\" content=\"Organiza\u00e7\u00e3o e design moderno se encontram nesta prateleira com estrutura em ferro e tr\u00eas n\u00edveis em vidro temperado. Com pintura eletrost\u00e1tica de alta durabilidade, \u00e9 perfeita para expor livros, objetos decorativos, utens\u00edlios ou produtos comerciais, mantendo o ambiente sempre elegante e bem organizado.\" \/>\n<meta property=\"og:url\" content=\"https:\/\/jcferroedecoracao.com.br\/?product=prateleira-3-vidros\" \/>\n<meta property=\"og:site_name\" content=\"JC FERRO\" \/>\n<meta property=\"article:modified_time\" content=\"2025-08-28T18:24:59+00:00\" \/>\n<meta name=\"twitter:card\" content=\"summary_large_image\" \/>\n<meta name=\"twitter:label1\" content=\"Est. tempo de leitura\" \/>\n\t<meta name=\"twitter:data1\" content=\"1 minuto\" \/>\n<script type=\"application\/ld+json\" class=\"yoast-schema-graph\">{\"@context\":\"https:\/\/schema.org\",\"@graph\":[{\"@type\":\"WebPage\",\"@id\":\"https:\/\/jcferroedecoracao.com.br\/?product=prateleira-3-vidros\",\"url\":\"https:\/\/jcferroedecoracao.com.br\/?product=prateleira-3-vidros\",\"name\":\"Prateleira 3 vidros - JC FERRO\",\"isPartOf\":{\"@id\":\"https:\/\/jcferroedecoracao.com.br\/#website\"},\"datePublished\":\"2025-08-27T20:17:49+00:00\",\"dateModified\":\"2025-08-28T18:24:59+00:00\",\"breadcrumb\":{\"@id\":\"https:\/\/jcferroedecoracao.com.br\/?product=prateleira-3-vidros#breadcrumb\"},\"inLanguage\":\"pt-BR\",\"potentialAction\":[{\"@type\":\"ReadAction\",\"target\":[\"https:\/\/jcferroedecoracao.com.br\/?product=prateleira-3-vidros\"]}]},{\"@type\":\"BreadcrumbList\",\"@id\":\"https:\/\/jcferroedecoracao.com.br\/?product=prateleira-3-vidros#breadcrumb\",\"itemListElement\":[{\"@type\":\"ListItem\",\"position\":1,\"name\":\"In\u00edcio\",\"item\":\"https:\/\/jcferroedecoracao.com.br\/\"},{\"@type\":\"ListItem\",\"position\":2,\"name\":\"Loja\",\"item\":\"https:\/\/jcferroedecoracao.com.br\/?page_id=296\"},{\"@type\":\"ListItem\",\"position\":3,\"name\":\"Prateleira 3 vidros\"}]},{\"@type\":\"WebSite\",\"@id\":\"https:\/\/jcferroedecoracao.com.br\/#website\",\"url\":\"https:\/\/jcferroedecoracao.com.br\/\",\"name\":\"JC FERRO\",\"description\":\"\",\"potentialAction\":[{\"@type\":\"SearchAction\",\"target\":{\"@type\":\"EntryPoint\",\"urlTemplate\":\"https:\/\/jcferroedecoracao.com.br\/?s={search_term_string}\"},\"query-input\":{\"@type\":\"PropertyValueSpecification\",\"valueRequired\":true,\"valueName\":\"search_term_string\"}}],\"inLanguage\":\"pt-BR\"}]}<\/script>\n<!-- \/ Yoast SEO plugin. -->","yoast_head_json":{"title":"Prateleira 3 vidros - JC FERRO","robots":{"index":"index","follow":"follow","max-snippet":"max-snippet:-1","max-image-preview":"max-image-preview:large","max-video-preview":"max-video-preview:-1"},"canonical":"https:\/\/jcferroedecoracao.com.br\/?product=prateleira-3-vidros","og_locale":"pt_BR","og_type":"article","og_title":"Prateleira 3 vidros - JC FERRO","og_description":"Organiza\u00e7\u00e3o e design moderno se encontram nesta prateleira com estrutura em ferro e tr\u00eas n\u00edveis em vidro temperado. Com pintura eletrost\u00e1tica de alta durabilidade, \u00e9 perfeita para expor livros, objetos decorativos, utens\u00edlios ou produtos comerciais, mantendo o ambiente sempre elegante e bem organizado.","og_url":"https:\/\/jcferroedecoracao.com.br\/?product=prateleira-3-vidros","og_site_name":"JC FERRO","article_modified_time":"2025-08-28T18:24:59+00:00","twitter_card":"summary_large_image","twitter_misc":{"Est. tempo de leitura":"1 minuto"},"schema":{"@context":"https:\/\/schema.org","@graph":[{"@type":"WebPage","@id":"https:\/\/jcferroedecoracao.com.br\/?product=prateleira-3-vidros","url":"https:\/\/jcferroedecoracao.com.br\/?product=prateleira-3-vidros","name":"Prateleira 3 vidros - JC FERRO","isPartOf":{"@id":"https:\/\/jcferroedecoracao.com.br\/#website"},"datePublished":"2025-08-27T20:17:49+00:00","dateModified":"2025-08-28T18:24:59+00:00","breadcrumb":{"@id":"https:\/\/jcferroedecoracao.com.br\/?product=prateleira-3-vidros#breadcrumb"},"inLanguage":"pt-BR","potentialAction":[{"@type":"ReadAction","target":["https:\/\/jcferroedecoracao.com.br\/?product=prateleira-3-vidros"]}]},{"@type":"BreadcrumbList","@id":"https:\/\/jcferroedecoracao.com.br\/?product=prateleira-3-vidros#breadcrumb","itemListElement":[{"@type":"ListItem","position":1,"name":"In\u00edcio","item":"https:\/\/jcferroedecoracao.com.br\/"},{"@type":"ListItem","position":2,"name":"Loja","item":"https:\/\/jcferroedecoracao.com.br\/?page_id=296"},{"@type":"ListItem","position":3,"name":"Prateleira 3 vidros"}]},{"@type":"WebSite","@id":"https:\/\/jcferroedecoracao.com.br\/#website","url":"https:\/\/jcferroedecoracao.com.br\/","name":"JC FERRO","description":"","potentialAction":[{"@type":"SearchAction","target":{"@type":"EntryPoint","urlTemplate":"https:\/\/jcferroedecoracao.com.br\/?s={search_term_string}"},"query-input":{"@type":"PropertyValueSpecification","valueRequired":true,"valueName":"search_term_string"}}],"inLanguage":"pt-BR"}]}},"_links":{"self":[{"href":"https:\/\/jcferroedecoracao.com.br\/index.php?rest_route=\/wp\/v2\/product\/107","targetHints":{"allow":["GET"]}}],"collection":[{"href":"https:\/\/jcferroedecoracao.com.br\/index.php?rest_route=\/wp\/v2\/product"}],"about":[{"href":"https:\/\/jcferroedecoracao.com.br\/index.php?rest_route=\/wp\/v2\/types\/product"}],"replies":[{"embeddable":true,"href":"https:\/\/jcferroedecoracao.com.br\/index.php?rest_route=%2Fwp%2Fv2%2Fcomments&post=107"}],"wp:attachment":[{"href":"https:\/\/jcferroedecoracao.com.br\/index.php?rest_route=%2Fwp%2Fv2%2Fmedia&parent=107"}],"wp:term":[{"taxonomy":"product_brand","embeddable":true,"href":"https:\/\/jcferroedecoracao.com.br\/index.php?rest_route=%2Fwp%2Fv2%2Fproduct_brand&post=107"},{"taxonomy":"product_cat","embeddable":true,"href":"https:\/\/jcferroedecoracao.com.br\/index.php?rest_route=%2Fwp%2Fv2%2Fproduct_cat&post=107"},{"taxonomy":"product_tag","embeddable":true,"href":"https:\/\/jcferroedecoracao.com.br\/index.php?rest_route=%2Fwp%2Fv2%2Fproduct_tag&post=107"}],"curies":[{"name":"wp","href":"https:\/\/api.w.org\/{rel}","templated":true}]}}

<p>Organização e design moderno se encontram nesta prateleira com estrutura em ferro e <strong data-start="5549" data-end="5583">três níveis em vidro temperado</strong>. Com pintura eletrostática de alta durabilidade, é perfeita para expor livros, objetos decorativos, utensílios ou produtos comerciais, mantendo o ambiente sempre elegante e bem organizado.</p>

<p>Organização e design moderno se encontram nesta prateleira com estrutura em ferro e três níveis em vidro temperado. Com pintura eletrostática de alta durabilidade, é perfeita para expor livros, objetos decorativos, utensílios ou produtos comerciais, mantendo o ambiente sempre elegante e bem organizado.</p>

<!-- This site is optimized with the Yoast SEO plugin v25.8 - https://yoast.com/wordpress/plugins/seo/ -->
<title>Prateleira 3 vidros - JC FERRO</title>
<meta name="robots" content="index, follow, max-snippet:-1, max-image-preview:large, max-video-preview:-1" />
<link rel="canonical" href="https://jcferroedecoracao.com.br/?product=prateleira-3-vidros" />
<meta property="og:locale" content="pt_BR" />
<meta property="og:type" content="article" />
<meta property="og:title" content="Prateleira 3 vidros - JC FERRO" />
<meta property="og:description" content="Organização e design moderno se encontram nesta prateleira com estrutura em ferro e três níveis em vidro temperado. Com pintura eletrostática de alta durabilidade, é perfeita para expor livros, objetos decorativos, utensílios ou produtos comerciais, mantendo o ambiente sempre elegante e bem organizado." />
<meta property="og:url" content="https://jcferroedecoracao.com.br/?product=prateleira-3-vidros" />
<meta property="og:site_name" content="JC FERRO" />
<meta property="article:modified_time" content="2025-08-28T18:24:59+00:00" />
<meta name="twitter:card" content="summary_large_image" />
<meta name="twitter:label1" content="Est. tempo de leitura" />
	<meta name="twitter:data1" content="1 minuto" />
<script type="application/ld+json" class="yoast-schema-graph">{"@context":"https://schema.org","@graph":[{"@type":"WebPage","@id":"https://jcferroedecoracao.com.br/?product=prateleira-3-vidros","url":"https://jcferroedecoracao.com.br/?product=prateleira-3-vidros","name":"Prateleira 3 vidros - JC FERRO","isPartOf":{"@id":"https://jcferroedecoracao.com.br/#website"},"datePublished":"2025-08-27T20:17:49+00:00","dateModified":"2025-08-28T18:24:59+00:00","breadcrumb":{"@id":"https://jcferroedecoracao.com.br/?product=prateleira-3-vidros#breadcrumb"},"inLanguage":"pt-BR","potentialAction":[{"@type":"ReadAction","target":["https://jcferroedecoracao.com.br/?product=prateleira-3-vidros"]}]},{"@type":"BreadcrumbList","@id":"https://jcferroedecoracao.com.br/?product=prateleira-3-vidros#breadcrumb","itemListElement":[{"@type":"ListItem","position":1,"name":"Início","item":"https://jcferroedecoracao.com.br/"},{"@type":"ListItem","position":2,"name":"Loja","item":"https://jcferroedecoracao.com.br/?page_id=296"},{"@type":"ListItem","position":3,"name":"Prateleira 3 vidros"}]},{"@type":"WebSite","@id":"https://jcferroedecoracao.com.br/#website","url":"https://jcferroedecoracao.com.br/","name":"JC FERRO","description":"","potentialAction":[{"@type":"SearchAction","target":{"@type":"EntryPoint","urlTemplate":"https://jcferroedecoracao.com.br/?s={search_term_string}"},"query-input":{"@type":"PropertyValueSpecification","valueRequired":true,"valueName":"search_term_string"}}],"inLanguage":"pt-BR"}]}</script>
<!-- / Yoast SEO plugin. -->

Organização e design moderno se encontram nesta prateleira com estrutura em ferro e três níveis em vidro temperado. Com pintura eletrostática de alta durabilidade, é perfeita para expor livros, objetos decorativos, utensílios ou produtos comerciais, mantendo o ambiente sempre elegante e bem organizado.

Início
